vided by 1864.
561
Calculate the remainder when 2939800 is divided by 367475.
0
What is the remainder when 21069 is divided by 725?
44
Calculate the remainder when 19140014 is divided by 598124.
46
What is the remainder when 83586 is divided by 2393?
2224
What is the remainder when 6211218 is divided by 2573?
2569
Calculate the remainder when 65615 is divided by 178.
111
What is the remainder when 52810556 is divided by 60?
56
What is the remainder when 437028 is divided by 8566?
162
What is the remainder when 337190 is divided by 84105?
770
What is the remainder when 22545037 is divided by 238?
11
Calculate the remainder when 387805 is divided by 5788.
9
What is the remainder when 1382766964 is divided by 9?
7
Calculate the remainder when 145431 is divided by 72614.
203
What is the remainder when 4637413 is divided by 272786?
51
Calculate the remainder when 1474546 is divided by 163836.
22
What is the remainder when 21354 is divided by 1690?
1074
What is the remainder when 1531821 is divided by 1509?
186
Calculate the remainder when 13540382 is divided by 12.
2
Calculate the remainder when 328280 is divided by 42.
8
Calculate the remainder when 253966796 is divided by 7256194.
6
Calculate the remainder when 5914316 is divided by 545.
521
Calculate the remainder when 163313 is divided by 20089.
2601
Calculate the remainder when 19857975 is divided by 18353.
29
Calculate the remainder when 495647 is divided by 753.
173
Calculate the remainder when 5353 is divided by 4650.
703
Calculate the remainder when 235544 is divided by 47103.
29
Calculate the remainder when 1081094 is divided by 25.
19
What is the remainder when 56922404 is divided by 4605?
4604
What is the remainder when 1066044 is divided by 5989?
2
Calculate the remainder when 153657501 is divided by 3718.
3715
Calculate the remainder when 65950 is divided by 31978.
1994
Calculate the remainder when 11593530 is divided by 155.
150
What is the remainder when 95420 is divided by 767?
312
Calculate the remainder when 445035 is divided by 386.
363
Calculate the remainder when 3253326 is divided by 1084431.
33
What is the remainder when 454579 is divided by 34?
33
What is the remainder when 796301 is divided by 1236?
317
Calculate the remainder when 28233209 is divided by 198.
191
Calculate the remainder when 79275895 is divided by 26425297.
4
Calculate the remainder when 4533539 is divided by 22.
21
Calculate the remainder when 1862416246 is divided by 22.
20
What is the remainder when 828119 is divided by 55206?
29
Calculate the remainder when 348600 is divided by 556.
544
What is the remainder when 164631 is divided by 360?
111
Calculate the remainder when 36295 is divided by 108.
7
Calculate the remainder when 1372111 is divided by 1008.
223
Calculate the remainder when 9043370 is divided by 1004816.
26
Calculate the remainder when 78207 is divided by 6505.
147
What is the remainder when 212048004 is divided by 2771?
0
What is the remainder when 516712 is divided by 2640?
1912
What is the remainder when 12579622 is divided by 6045?
6022
What is the remainder when 12969698 is divided by 733?
729
What is the remainder when 202713 is divided by 3975?
3963
What is the remainder when 1244100 is divided by 4219?
3714
Calculate the remainder when 366691499 is divided by 4900.
4899
What is the remainder when 57047591 is divided by 95?
91
What is the remainder when 364327944 is divided by 525?
519
What is the remainder when 8735050 is divided by 12?
10
Calculate the remainder when 145212149 is divided by 4456.
21
What is the remainder when 5243991 is divided by 749128?
95
What is the remainder when 229326712 is divided by 22932671?
2
What is the remainder when 475912 is divided by 19?
0
Calculate the remainder when 225395 is divided by 4525.
3670
Calculate the remainder when 1856856 is divided by 1856723.
133
Calculate the remainder when 5841060 is divided by 584103.
30
Calculate the remainder when 91622517 is divided by 1507.
1438
What is the remainder when 43390168 is divided by 15888?
40
What is the remainder when 143924 is divided by 11?
0
What is the remainder when 10501307 is divided by 153?
152
Calculate the remainder when 387403 is divided by 11739.
16
What is the remainder when 166651285 is divided by 55550427?
4
What is the remainder when 4708119 is divided by 38?
33
What is the remainder when 10892970 is divided by 6638?
12
What is the remainder when 5765 is divided by 640?
5
Calculate the remainder when 101948251 is divided by 24233.
20
What is the remainder when 101953466 is divided by 33984485?
11
What is the remainder when 247615 is divided by 51?
10
What is the remainder when 41553 is divided by 868?
757
What is the remainder when 5774839 is divided by 962470?
19
What is the remainder when 16535095 is divided by 199?
185
What is the remainder when 451593 is divided by 210?
93
What is the remainder when 8862683 is divided by 37?
36
Calculate the remainder when 65694660 is divided by 8.
4
Calculate the remainder when 1932879 is divided by 44949.
72
Calculate the remainder when 3374943 is divided by 162.
159
Calculate the remainder when 22724313 is divided by 438.
435
Calculate the remainder when 72170 is divided by 17447.
2382
What is the remainder when 19464286 is divided by 21?
16
Calculate the remainder when 61388181 is divided by 11.
8
Calculate the remainder when 4206804 is divided by 691.
687
What is the remainder when 1581590 is divided by 751?
735
What is the remainder when 551816 is divided by 397?
383
What is the remainder when 31668913 is divided by 527815?
13
What is the remainder when 89229 is divided by 88539?
690
Calculate the remainder when 3817266 is divided by 60.
6
What is the remainder when 526337539 is divided by 2924?
2919
Calculate the remainder when 1895233 is divided by 865.
18
What is the remainder when 15752632 is divided by 21?
7
What is the remainder when 503976 is divided by 14?
4
What is the remainder when 2400887 is divided by 3086?
3065
What is the remainder when 281754 is divided by 306?
234
What is the remainder when 374651 is divided by 74925?
26
What is the remainder when 439002 is divided by 438991?
11
Calculate the remainder when 1054002 is divided by 50135.
1167
Calculate the remainder when 41296 is divided by 2588.
2476
Calculate the remainder when 12802675 is divided by 13267.
20
Calculate the remainder when 385484 is divided by 1593.
1571
Calculate the remainder when 3869478 is divided by 644910.
18
Calculate the remainder when 63507234 is divided by 224407.
53
Calculate the remainder when 143949 is divided by 143914.
35
Calculate the remainder when 3212497 is divided by 1008.
1
What is the remainder when 401435 is divided by 34?
31
Calculate the remainder when 118406017 is divided by 85.
82
Calculate the remainder when 11161739 is divided by 11161728.
11
Calculate the remainder when 207085 is divided by 25.
10
What is the remainder when 885580 is divided by 24589?
376
What is the remainder when 3470011 is divided by 52?
51
Calculate the remainder when 3284168 is divided by 33.
8
What is the remainder when 1581327 is divided by 158106?
267
Calculate the remainder when 427499 is divided by 32877.
98
What is the remainder when 55166679 is divided by 854?
841
Calculate the remainder when 174228 is divided by 45.
33
What is the remainder when 1910039 is divided by 30318?
5
Calculate the remainder when 1187602 is divided by 465.
457
What is the remainder when 251908 is divided by 54?
52
Calculate the remainder when 144115 is divided by 20536.
363
What is the remainder when 31383 is divided by 443?
373
What is the remainder when 4030313 is divided by 282?
251
Calculate the remainder when 1956218 is divided by 488690.
1458
Calculate the remainder when 971466 is divided by 4014.
78
Calculate the remainder when 7297465 is divided by 690.
25
What is the remainder when 661120 is divided by 1082?
18
What is the remainder when 4214769 is divided by 383157?
42
What is the remainder when 3176835 is divided by 135?
15
Calculate the remainder when 529932 is divided by 8019.
678
Calculate the remainder when 29401329 is divided by 119.
118
What is the remainder when 4476871 is divided by 713?
657
What is the remainder when 1263913 is divided by 2221?
16